{"id":59,"date":"2020-08-03T13:38:33","date_gmt":"2020-08-03T11:38:33","guid":{"rendered":"http:\/\/jpboisson.lan\/new-shop\/?page_id=59"},"modified":"2020-08-03T13:38:34","modified_gmt":"2020-08-03T11:38:34","slug":"mentions-legales","status":"publish","type":"page","link":"https:\/\/www.jpboisson.com\/shop\/mentions-legales\/","title":{"rendered":"Mentions l\u00e9gales"},"content":{"rendered":"<p>La soci\u00e9t\u00e9 LE PERE CABOCHE, soucieuse des droits des individus, notamment au regard des<\/p><p>traitements automatis\u00e9s et dans une volont\u00e9 de transparence avec ses clients, a mis en place une politique<\/p><p>reprenant l\u2019ensemble de ces traitements, des finalit\u00e9s poursuivies par ces derniers ainsi que des moyens<\/p><p>d\u2019actions \u00e0 la disposition des individus afin qu\u2019ils puissent au mieux exercer leurs droits.<\/p><p>Pour toute information compl\u00e9mentaire sur la protection des donn\u00e9es personnelles, nous vous invitons \u00e0<\/p><p>consulter le site : https:\/\/www.cnil.fr\/<\/p><p>La poursuite de la navigation sur ce site vaut acceptation sans r\u00e9serve des dispositions et conditions<\/p><p>d&rsquo;utilisation qui suivent.<\/p><p>La version actuellement en ligne de ces conditions d&rsquo;utilisation est la seule opposable pendant toute la<\/p><p>dur\u00e9e d&rsquo;utilisation du site et jusqu&rsquo;\u00e0 ce qu&rsquo;une nouvelle version la remplace.<\/p><p><\/p><p><strong>Article 1 &#8211; Mentions l\u00e9gales<\/strong><\/p><p>1.1 Site :<\/p><p>Domaine du P\u00e8re Caboche<\/p><p>1.2 \u00c9diteur :<\/p><p>LE PERE CABOCHE SAS au capital de 6 000 \u20ac<\/p><p>dont le si\u00e8ge social est situ\u00e9 : 5 Impasse Martial Imbart 84230<\/p><p>repr\u00e9sent\u00e9e par Emilie Boisson, en sa qualit\u00e9 de G\u00e9rante<\/p><p>immatricul\u00e9e au RCS de 809 405 871<\/p><p>n\u00b0 de t\u00e9l\u00e9phone : 04 90 83 71 44<\/p><p>adresse mail : boisson@jpboisson.com<\/p><p>1.3 H\u00e9bergeur :<\/p><p>Domaine du P\u00e8re Caboche est h\u00e9berg\u00e9 par IONOS, dont le si\u00e8ge social est situ\u00e9 7 pl de la gare 57200<\/p><p>sarreguemines.<\/p><p><\/p><p><strong>Article 2 &#8211; Acc\u00e8s au site<\/strong><\/p><p>L&rsquo;acc\u00e8s au site et son utilisation sont r\u00e9serv\u00e9s \u00e0 un usage strictement personnel. Vous vous engagez \u00e0 ne<\/p><p>pas utiliser ce site et les informations ou donn\u00e9es qui y figurent \u00e0 des fins commerciales, politiques,<\/p><p>publicitaires et pour toute forme de sollicitation commerciale et notamment l&rsquo;envoi de courriers<\/p><p>\u00e9lectroniques non sollicit\u00e9s.<\/p><p><\/p><p><strong>Article 3 &#8211; Contenu du site<\/strong><\/p><p>Toutes les marques, photographies, textes, commentaires, illustrations, images anim\u00e9es ou non, s\u00e9quences<\/p><p>vid\u00e9o, sons, ainsi que toutes les applications informatiques qui pourraient \u00eatre utilis\u00e9es pour faire<\/p><p>fonctionner ce site et plus g\u00e9n\u00e9ralement tous les \u00e9l\u00e9ments reproduits ou utilis\u00e9s sur le site sont prot\u00e9g\u00e9s<\/p><p>par les lois en vigueur au titre de la propri\u00e9t\u00e9 intellectuelle.<\/p><p>Ils sont la propri\u00e9t\u00e9 pleine et enti\u00e8re de l&rsquo;\u00e9diteur ou de ses partenaires. Toute reproduction, repr\u00e9sentation,<\/p><p>utilisation ou adaptation, sous quelque forme que ce soit, de tout ou partie de ces \u00e9l\u00e9ments, y compris les<\/p><p>applications informatiques, sans l&rsquo;accord pr\u00e9alable et \u00e9crit de l&rsquo;\u00e9diteur, sont strictement interdites. Le fait<\/p><p>pour l&rsquo;\u00e9diteur de ne pas engager de proc\u00e9dure d\u00e8s la prise de connaissance de ces utilisations non<\/p><p>autoris\u00e9es ne vaut pas acceptation desdites utilisations et renonciation aux poursuites.<\/p><p><\/p><p><strong>Article 4 &#8211; Gestion du site<\/strong><\/p><p>Pour la bonne gestion du site, l&rsquo;\u00e9diteur pourra \u00e0 tout moment :<\/p><p>&#8211; suspendre, interrompre ou limiter l&rsquo;acc\u00e8s \u00e0 tout ou partie du site, r\u00e9server l&rsquo;acc\u00e8s au site, ou \u00e0 certaines<\/p><p>parties du site, \u00e0 une cat\u00e9gorie d\u00e9termin\u00e9e d&rsquo;internautes ;<\/p><p>&#8211; supprimer toute information pouvant en perturber le fonctionnement ou entrant en contravention avec<\/p><p>les lois nationales ou internationales ;<\/p><p>&#8211; suspendre le site afin de proc\u00e9der \u00e0 des mises \u00e0 jour.<\/p><p><\/p><p><strong>Article 5 &#8211; Responsabilit\u00e9s<\/strong><\/p><p>La responsabilit\u00e9 de l&rsquo;\u00e9diteur ne peut \u00eatre engag\u00e9e en cas de d\u00e9faillance, panne, difficult\u00e9 ou interruption<\/p><p>de fonctionnement, emp\u00eachant l&rsquo;acc\u00e8s au site ou \u00e0 une de ses fonctionnalit\u00e9s.<\/p><p>Le mat\u00e9riel de connexion au site que vous utilisez est sous votre enti\u00e8re responsabilit\u00e9. Vous devez<\/p><p>prendre toutes les mesures appropri\u00e9es pour prot\u00e9ger votre mat\u00e9riel et vos propres donn\u00e9es notamment<\/p><p>d&rsquo;attaques virales par Internet. Vous \u00eates par ailleurs seul responsable des sites et donn\u00e9es que vous<\/p><p>consultez.<\/p><p>L&rsquo;\u00e9diteur ne pourra \u00eatre tenu responsable en cas de poursuites judiciaires \u00e0 votre encontre :<\/p><p>&#8211; du fait de l&rsquo;usage du site ou de tout service accessible via Internet ;<\/p><p>&#8211; du fait du non-respect par vous des pr\u00e9sentes conditions g\u00e9n\u00e9rales.<\/p><p>L&rsquo;\u00e9diteur n&rsquo;est pas responsable des dommages caus\u00e9s \u00e0 vous-m\u00eame, \u00e0 des tiers et\/ou \u00e0 votre \u00e9quipement<\/p><p>du fait de votre connexion ou de votre utilisation du site et vous renoncez \u00e0 toute action contre lui de ce<\/p><p>fait.<\/p><p>Si l&rsquo;\u00e9diteur venait \u00e0 faire l&rsquo;objet d&rsquo;une proc\u00e9dure amiable ou judiciaire en raison de votre utilisation du<\/p><p>site, il pourra se retourner contre vous pour obtenir l&rsquo;indemnisation de tous les pr\u00e9judices, sommes,<\/p><p>condamnations et frais qui pourraient d\u00e9couler de cette proc\u00e9dure.<\/p><p><\/p><p><strong>Article 6 &#8211; Liens hypertextes<\/strong><\/p><p>La mise en place par les utilisateurs de tous liens hypertextes vers tout ou partie du site est autoris\u00e9e par<\/p><p>l&rsquo;\u00e9diteur. Tout lien devra \u00eatre retir\u00e9 sur simple demande de l&rsquo;\u00e9diteur.<\/p><p>Toute information accessible via un lien vers d&rsquo;autres sites n&rsquo;est pas publi\u00e9e par l&rsquo;\u00e9diteur. L&rsquo;\u00e9diteur ne<\/p><p>dispose d&rsquo;aucun droit sur le contenu pr\u00e9sent dans ledit lien.<\/p><p><\/p><p><strong>Article 7 &#8211; Collecte et protection des donn\u00e9es<\/strong><\/p><p>Vos donn\u00e9es sont collect\u00e9es par La soci\u00e9t\u00e9 LE PERE CABOCHE.<\/p><p>Une donn\u00e9e \u00e0 caract\u00e8re personnel d\u00e9signe toute information concernant une personne physique identifi\u00e9e<\/p><p>ou identifiable (personne concern\u00e9e) ; est r\u00e9put\u00e9e identifiable une personne qui peut \u00eatre identifi\u00e9e,<\/p><p>directement ou indirectement, notamment par r\u00e9f\u00e9rence \u00e0 un nom, un num\u00e9ro d&rsquo;identification ou \u00e0 un ou<\/p><p>plusieurs \u00e9l\u00e9ments sp\u00e9cifiques, propres \u00e0 son identit\u00e9 physique, physiologique, g\u00e9n\u00e9tique, psychique,<\/p><p>\u00e9conomique, culturelle ou sociale.<\/p><p>Les informations personnelles pouvant \u00eatre recueillies sur le site sont principalement utilis\u00e9es par l&rsquo;\u00e9diteur<\/p><p>pour la gestion des relations avec vous, et le cas \u00e9ch\u00e9ant pour le traitement de vos commandes.<\/p><p>Les donn\u00e9es personnelles collect\u00e9es sont les suivantes :<\/p><p>&#8211; Nom et pr\u00e9nom<\/p><p>&#8211; Adresse<\/p><p>&#8211; Adresse mail<\/p><p>&#8211; Num\u00e9ro de t\u00e9l\u00e9phone<\/p><p>&#8211; Donn\u00e9es financi\u00e8res : dans le cadre du paiement des produits et prestations propos\u00e9s sur la Plateforme,<\/p><p>celle-ci enregistre des donn\u00e9es financi\u00e8res relatives \u00e0 la carte de cr\u00e9dit de l&rsquo;utilisateur.<\/p><p><\/p><p><strong>Article 8 &#8211; Droit d\u2019acc\u00e8s, de rectification et de d\u00e9r\u00e9f\u00e9rencement de vos donn\u00e9es<\/strong><\/p><p>En application de la r\u00e9glementation applicable aux donn\u00e9es \u00e0 caract\u00e8re personnel, les utilisateurs<\/p><p>disposent des droits suivants :<\/p><p>\u00b7 le droit d\u2019acc\u00e8s : ils peuvent exercer leur droit d&rsquo;acc\u00e8s, pour conna\u00eetre les donn\u00e9es personnelles les<\/p><p>concernant, en \u00e9crivant \u00e0 l&rsquo;adresse \u00e9lectronique ci-dessous mentionn\u00e9e. Dans ce cas, avant la mise en<\/p><p>oeuvre de ce droit, la Plateforme peut demander une preuve de l&rsquo;identit\u00e9 de l&rsquo;utilisateur afin d&rsquo;en v\u00e9rifier<\/p><p>l&rsquo;exactitude ;<\/p><p>\u00b7 le droit de rectification : si les donn\u00e9es \u00e0 caract\u00e8re personnel d\u00e9tenues par la Plateforme sont inexactes,<\/p><p>ils peuvent demander la mise \u00e0 jour des informations ;<\/p><p>\u00b7 le droit de suppression des donn\u00e9es : les utilisateurs peuvent demander la suppression de leurs donn\u00e9es \u00e0<\/p><p>caract\u00e8re personnel, conform\u00e9ment aux lois applicables en mati\u00e8re de protection des donn\u00e9es ;<\/p><p>\u00b7 le droit \u00e0 la limitation du traitement : les utilisateurs peuvent de demander \u00e0 la Plateforme de limiter le<\/p><p>traitement des donn\u00e9es personnelles conform\u00e9ment aux hypoth\u00e8ses pr\u00e9vues par le RGPD ;<\/p><p>\u00b7 le droit de s\u2019opposer au traitement des donn\u00e9es : les utilisateurs peuvent s\u2019opposer \u00e0 ce que<\/p><p>leurs donn\u00e9es soient trait\u00e9es conform\u00e9ment aux hypoth\u00e8ses pr\u00e9vues par le RGPD ;<\/p><p>\u00b7 le droit \u00e0 la portabilit\u00e9 : ils peuvent r\u00e9clamer que la Plateforme leur remette les donn\u00e9es personnelles<\/p><p>qu&rsquo;ils ont fournies pour les transmettre \u00e0 une nouvelle Plateforme.<\/p><p>Vous pouvez exercer ce droit en nous contactant, \u00e0 l\u2019adresse suivante :<\/p><p>5 Impasse Martial Imbart , 84230<\/p><p>Ou par email, \u00e0 l\u2019adresse :<\/p><p>Toute demande doit \u00eatre accompagn\u00e9e de la photocopie d\u2019un titre d\u2019identit\u00e9 en cours de validit\u00e9 sign\u00e9 et<\/p><p>faire mention de l\u2019adresse \u00e0 laquelle l&rsquo;\u00e9diteur pourra contacter le demandeur. La r\u00e9ponse sera adress\u00e9e<\/p><p>dans le mois suivant la r\u00e9ception de la demande. Ce d\u00e9lai d&rsquo;un mois peut \u00eatre prolong\u00e9 de deux mois si la<\/p><p>complexit\u00e9 de la demande et\/ou le nombre de demandes l&rsquo;exigent.<\/p><p>De plus, et depuis la loi n\u00b02016-1321 du 7 octobre 2016, les personnes qui le souhaitent, ont la possibilit\u00e9<\/p><p>d\u2019organiser le sort de leurs donn\u00e9es apr\u00e8s leur d\u00e9c\u00e8s. Pour plus d\u2019information sur le sujet, vous pouvez<\/p><p>consulter le site Internet de la CNIL : https:\/\/www.cnil.fr\/.<\/p><p>Les utilisateurs peuvent aussi introduire une r\u00e9clamation aupr\u00e8s de la CNIL sur le site de la CNIL : https:\/\/<\/p><p>www.cnil.fr.<\/p><p>Nous vous recommandons de nous contacter dans un premier temps avant de d\u00e9poser une r\u00e9clamation<\/p><p>aupr\u00e8s de la CNIL, car nous sommes \u00e0 votre enti\u00e8re disposition pour r\u00e9gler votre probl\u00e8me.<\/p><p><\/p><p><strong>Article 9 &#8211; Utilisation des donn\u00e9es<\/strong><\/p><p>Les donn\u00e9es personnelles collect\u00e9es aupr\u00e8s des utilisateurs ont pour objectif la mise \u00e0 disposition des<\/p><p>services de la Plateforme, leur am\u00e9lioration et le maintien d&rsquo;un environnement s\u00e9curis\u00e9. La base l\u00e9gale des<\/p><p>traitements est l\u2019ex\u00e9cution du contrat entre l\u2019utilisateur et la Plateforme. Plus pr\u00e9cis\u00e9ment, les utilisations<\/p><p>sont les suivantes :<\/p><p>&#8211; acc\u00e8s et utilisation de la Plateforme par l&rsquo;utilisateur ;<\/p><p>&#8211; gestion du fonctionnement et optimisation de la Plateforme ;<\/p><p>&#8211; mise en oeuvre d&rsquo;une assistance utilisateurs ;<\/p><p>&#8211; v\u00e9rification, identification et authentification des donn\u00e9es transmises par l&rsquo;utilisateur ;<\/p><p>&#8211; personnalisation des services en affichant des publicit\u00e9s en fonction de l&rsquo;historique de navigation de<\/p><p>l&rsquo;utilisateur, selon ses pr\u00e9f\u00e9rences ;<\/p><p>&#8211; pr\u00e9vention et d\u00e9tection des fraudes, malwares (malicious softwares ou logiciels malveillants) et gestion<\/p><p>des incidents de s\u00e9curit\u00e9 ;<\/p><p>&#8211; gestion des \u00e9ventuels litiges avec les utilisateurs ;<\/p><p>&#8211; envoi d&rsquo;informations commerciales et publicitaires, en fonction des pr\u00e9f\u00e9rences de l&rsquo;utilisateur ;<\/p><p>&#8211; organisation des conditions d&rsquo;utilisation des Services de paiement.<\/p><p><\/p><p><strong>Article 10 &#8211; Politique de conservation des donn\u00e9es<\/strong><\/p><p>La Plateforme conserve vos donn\u00e9es pour la dur\u00e9e n\u00e9cessaire pour vous fournir ses services ou<\/p><p>son assistance.<\/p><p>Dans la mesure raisonnablement n\u00e9cessaire ou requise pour satisfaire aux obligations l\u00e9gales ou<\/p><p>r\u00e9glementaires, r\u00e9gler des litiges, emp\u00eacher les fraudes et abus ou appliquer nos modalit\u00e9s et conditions,<\/p><p>nous pouvons \u00e9galement conserver certaines de vos informations si n\u00e9cessaire, m\u00eame apr\u00e8s que vous ayez<\/p><p>ferm\u00e9 votre compte ou que nous n&rsquo;ayons plus besoin pour vous fournir nos services.<\/p><p><\/p><p><strong>Article 11- Partage des donn\u00e9es personnelles avec des tiers<\/strong><\/p><p>Les donn\u00e9es personnelles peuvent \u00eatre partag\u00e9es avec des soci\u00e9t\u00e9s tierces exclusivement dans l\u2019Union<\/p><p>europ\u00e9enne, dans les cas suivants :<\/p><p>&#8211; quand l&rsquo;utilisateur utilise les services de paiement, pour la mise en oeuvre de ces services, la Plateforme<\/p><p>est en relation avec des soci\u00e9t\u00e9s bancaires et financi\u00e8res tierces avec lesquelles elle a pass\u00e9 des contrats ;<\/p><p>&#8211; lorsque l&rsquo;utilisateur publie, dans les zones de commentaires libres de la Plateforme, des informations<\/p><p>accessibles au public ;<\/p><p>&#8211; quand l&rsquo;utilisateur autorise le site web d&rsquo;un tiers \u00e0 acc\u00e9der \u00e0 ses donn\u00e9es ;<\/p><p>&#8211; quand la Plateforme recourt aux services de prestataires pour fournir l&rsquo;assistance utilisateurs, la publicit\u00e9<\/p><p>et les services de paiement. Ces prestataires disposent d&rsquo;un acc\u00e8s limit\u00e9 aux donn\u00e9es de l&rsquo;utilisateur, dans<\/p><p>le cadre de l&rsquo;ex\u00e9cution de ces prestations, et ont l&rsquo;obligation contractuelle de les utiliser en conformit\u00e9<\/p><p>avec les dispositions de la r\u00e9glementation applicable en mati\u00e8re protection des donn\u00e9es \u00e0 caract\u00e8re<\/p><p>personnel ;<\/p><p>&#8211; si la loi l&rsquo;exige, la Plateforme peut effectuer la transmission de donn\u00e9es pour donner suite aux<\/p><p>r\u00e9clamations pr\u00e9sent\u00e9es contre la Plateforme et se conformer aux proc\u00e9dures administratives et<\/p><p>judiciaires.<\/p><p><\/p><p><strong>Article 12 &#8211; Offres commerciales<\/strong><\/p><p>Vous \u00eates susceptible de recevoir des offres commerciales de l&rsquo;\u00e9diteur. Si vous ne le souhaitez pas,<\/p><p>veuillez cliquer sur le lien suivant : boisson@jpboisson.com.<\/p><p>Vos donn\u00e9es sont susceptibles d\u2019\u00eatre utilis\u00e9es par les partenaires de l&rsquo;\u00e9diteur \u00e0 des fins de prospection<\/p><p>commerciale, si vous ne le souhaitez pas, veuillez cliquer sur le lien suivant : boisson@jpboisson.com.<\/p><p>Si, lors de la consultation du site, vous acc\u00e9dez \u00e0 des donn\u00e9es \u00e0 caract\u00e8re personnel, vous devez vous<\/p><p>abstenir de toute collecte, de toute utilisation non autoris\u00e9e et de tout acte pouvant constituer une atteinte<\/p><p>\u00e0 la vie priv\u00e9e ou \u00e0 la r\u00e9putation des personnes. L&rsquo;\u00e9diteur d\u00e9cline toute responsabilit\u00e9 \u00e0 cet \u00e9gard.<\/p><p>Les donn\u00e9es sont conserv\u00e9es et utilis\u00e9es pour une dur\u00e9e conforme \u00e0 la l\u00e9gislation en vigueur.<\/p><p><\/p><p><\/p><p><strong>Article 13 &#8211; Cookies<\/strong><\/p><p>Qu\u2019est-ce qu\u2019un \u00ab cookie \u00bb ?<\/p><p>Un \u00ab Cookie \u00bb ou traceur est un fichier \u00e9lectronique d\u00e9pos\u00e9 sur un terminal (ordinateur, tablette,<\/p><p>smartphone,\u2026) et lu par exemple lors de la consultation d&rsquo;un site internet, de la lecture d&rsquo;un courrier<\/p><p>\u00e9lectronique, de l&rsquo;installation ou de l&rsquo;utilisation d&rsquo;un logiciel ou d&rsquo;une application mobile et ce, quel que<\/p><p>soit le type de terminal utilis\u00e9 (source : https:\/\/www.cnil.fr\/fr\/cookies-traceurs-que-dit-la-loi).<\/p><p>En naviguant sur ce site, des \u00ab cookies \u00bb \u00e9manant de la soci\u00e9t\u00e9 responsable du site concern\u00e9 et\/ou des<\/p><p>soci\u00e9t\u00e9s tiers pourront \u00eatre d\u00e9pos\u00e9s sur votre terminal.<\/p><p>Lors de la premi\u00e8re navigation sur ce site, une banni\u00e8re explicative sur l\u2019utilisation des \u00ab cookies \u00bb<\/p><p>appara\u00eetra. D\u00e8s lors, en poursuivant la navigation, le client et\/ou prospect sera r\u00e9put\u00e9 inform\u00e9 et avoir<\/p><p>accept\u00e9 l\u2019utilisation desdits \u00ab cookies \u00bb. Le consentement donn\u00e9 sera valable pour une p\u00e9riode de treize<\/p><p>(13) mois. L&rsquo;utilisateur a la possibilit\u00e9 de d\u00e9sactiver les cookies \u00e0 partir des param\u00e8tres de son navigateur.<\/p><p>Toutes les informations collect\u00e9es ne seront utilis\u00e9es que pour suivre le volume, le type et la configuration<\/p><p>du trafic utilisant ce site, pour en d\u00e9velopper la conception et l&rsquo;agencement et \u00e0 d&rsquo;autres fins<\/p><p>administratives et de planification et plus g\u00e9n\u00e9ralement pour am\u00e9liorer le service que nous vous offrons.<\/p><p>Les cookies suivants sont pr\u00e9sents sur ce site :<\/p><p>La dur\u00e9e de vie de ces cookies est de treize mois.<\/p><p>Pour plus d\u2019informations sur l\u2019utilisation, la gestion et la suppression des \u00ab cookies \u00bb, pour tout type de<\/p><p>navigateur, nous vous invitons \u00e0 consulter le lien suivant : https:\/\/www.cnil.fr\/fr\/cookies-les-outils-pourles-<\/p><p>maitriser.<\/p><p><\/p><p><strong>Article 14 &#8211; Photographies et repr\u00e9sentation des produits<\/strong><\/p><p>Les photographies de produits, accompagnant leur description, ne sont pas contractuelles et n&rsquo;engagent<\/p><p>pas l&rsquo;\u00e9diteur.<\/p><p><\/p><p><strong>Article 15 &#8211; Loi applicable<\/strong><\/p><p>Les pr\u00e9sentes conditions d&rsquo;utilisation du site sont r\u00e9gies par la loi fran\u00e7aise et soumises \u00e0 la comp\u00e9tence<\/p><p>des tribunaux du si\u00e8ge social de l&rsquo;\u00e9diteur, sous r\u00e9serve d&rsquo;une attribution de comp\u00e9tence sp\u00e9cifique<\/p><p>d\u00e9coulant d&rsquo;un texte de loi ou r\u00e9glementaire particulier.<\/p><p><\/p><p><strong>Article 16 &#8211; Contactez-nous<\/strong><\/p><p>Pour toute question, information sur les produits pr\u00e9sent\u00e9s sur le site, ou concernant le site lui-m\u00eame,<\/p><p>vous pouvez laisser un message \u00e0 l&rsquo;adresse suivante : boisson@jpboisson.com.<\/p><p><\/p><p><strong>Article 17 &#8211; Protection des mineurs<\/strong><\/p><p>Conform\u00e9ment \u00e0 l\u2019article L. 3342-1 du Code de la Sant\u00e9 Publique qui stipule que la vente d\u2019alcool \u00e0 des<\/p><p>mineurs de moins de dix-huit (18) ans est interdite, le client s\u2019engage, en remplissant le bon de<\/p>","protected":false},"excerpt":{"rendered":"<p>La soci\u00e9t\u00e9 LE PERE CABOCHE, soucieuse des droits des individus, notamment au regard des traitements automatis\u00e9s et dans une volont\u00e9 de transparence avec ses clients, a mis en place une politique reprenant l\u2019ensemble de ces traitements, des finalit\u00e9s poursuivies par ces derniers ainsi que des moyens d\u2019actions \u00e0 la disposition des individus afin qu\u2019ils puissent [&hellip;]<\/p>\n","protected":false},"author":1,"featured_media":0,"parent":0,"menu_order":0,"comment_status":"closed","ping_status":"closed","template":"","meta":{"footnotes":""},"class_list":["post-59","page","type-page","status-publish","hentry"],"yoast_head":"<!-- This site is optimized with the Yoast SEO plugin v24.8 - https:\/\/yoast.com\/wordpress\/plugins\/seo\/ -->\n<title>Mentions l\u00e9gales - Jean-pierre Boisson - Domaine du P\u00e8re Caboche<\/title>\n<meta name=\"robots\" content=\"index, follow, max-snippet:-1, max-image-preview:large, max-video-preview:-1\" \/>\n<link rel=\"canonical\" href=\"https:\/\/www.jpboisson.com\/shop\/mentions-legales\/\" \/>\n<meta property=\"og:locale\" content=\"fr_FR\" \/>\n<meta property=\"og:type\" content=\"article\" \/>\n<meta property=\"og:title\" content=\"Mentions l\u00e9gales - Jean-pierre Boisson - Domaine du P\u00e8re Caboche\" \/>\n<meta property=\"og:description\" content=\"La soci\u00e9t\u00e9 LE PERE CABOCHE, soucieuse des droits des individus, notamment au regard des traitements automatis\u00e9s et dans une volont\u00e9 de transparence avec ses clients, a mis en place une politique reprenant l\u2019ensemble de ces traitements, des finalit\u00e9s poursuivies par ces derniers ainsi que des moyens d\u2019actions \u00e0 la disposition des individus afin qu\u2019ils puissent [&hellip;]\" \/>\n<meta property=\"og:url\" content=\"https:\/\/www.jpboisson.com\/shop\/mentions-legales\/\" \/>\n<meta property=\"og:site_name\" content=\"Jean-pierre Boisson - Domaine du P\u00e8re Caboche\" \/>\n<meta property=\"article:modified_time\" content=\"2020-08-03T11:38:34+00:00\" \/>\n<meta name=\"twitter:card\" content=\"summary_large_image\" \/>\n<meta name=\"twitter:label1\" content=\"Dur\u00e9e de lecture estim\u00e9e\" \/>\n\t<meta name=\"twitter:data1\" content=\"12 minutes\" \/>\n<script type=\"application\/ld+json\" class=\"yoast-schema-graph\">{\"@context\":\"https:\/\/schema.org\",\"@graph\":[{\"@type\":\"WebPage\",\"@id\":\"https:\/\/www.jpboisson.com\/shop\/mentions-legales\/\",\"url\":\"https:\/\/www.jpboisson.com\/shop\/mentions-legales\/\",\"name\":\"Mentions l\u00e9gales - Jean-pierre Boisson - Domaine du P\u00e8re Caboche\",\"isPartOf\":{\"@id\":\"https:\/\/www.jpboisson.com\/shop\/#website\"},\"datePublished\":\"2020-08-03T11:38:33+00:00\",\"dateModified\":\"2020-08-03T11:38:34+00:00\",\"breadcrumb\":{\"@id\":\"https:\/\/www.jpboisson.com\/shop\/mentions-legales\/#breadcrumb\"},\"inLanguage\":\"fr-FR\",\"potentialAction\":[{\"@type\":\"ReadAction\",\"target\":[\"https:\/\/www.jpboisson.com\/shop\/mentions-legales\/\"]}]},{\"@type\":\"BreadcrumbList\",\"@id\":\"https:\/\/www.jpboisson.com\/shop\/mentions-legales\/#breadcrumb\",\"itemListElement\":[{\"@type\":\"ListItem\",\"position\":1,\"name\":\"Accueil\",\"item\":\"https:\/\/www.jpboisson.com\/shop\/\"},{\"@type\":\"ListItem\",\"position\":2,\"name\":\"Mentions l\u00e9gales\"}]},{\"@type\":\"WebSite\",\"@id\":\"https:\/\/www.jpboisson.com\/shop\/#website\",\"url\":\"https:\/\/www.jpboisson.com\/shop\/\",\"name\":\"Jean-pierre Boisson - Domaine du P\u00e8re Caboche\",\"description\":\"Boutique en ligne du domaine\",\"potentialAction\":[{\"@type\":\"SearchAction\",\"target\":{\"@type\":\"EntryPoint\",\"urlTemplate\":\"https:\/\/www.jpboisson.com\/shop\/?s={search_term_string}\"},\"query-input\":{\"@type\":\"PropertyValueSpecification\",\"valueRequired\":true,\"valueName\":\"search_term_string\"}}],\"inLanguage\":\"fr-FR\"}]}<\/script>\n<!-- \/ Yoast SEO plugin. -->","yoast_head_json":{"title":"Mentions l\u00e9gales - Jean-pierre Boisson - Domaine du P\u00e8re Caboche","robots":{"index":"index","follow":"follow","max-snippet":"max-snippet:-1","max-image-preview":"max-image-preview:large","max-video-preview":"max-video-preview:-1"},"canonical":"https:\/\/www.jpboisson.com\/shop\/mentions-legales\/","og_locale":"fr_FR","og_type":"article","og_title":"Mentions l\u00e9gales - Jean-pierre Boisson - Domaine du P\u00e8re Caboche","og_description":"La soci\u00e9t\u00e9 LE PERE CABOCHE, soucieuse des droits des individus, notamment au regard des traitements automatis\u00e9s et dans une volont\u00e9 de transparence avec ses clients, a mis en place une politique reprenant l\u2019ensemble de ces traitements, des finalit\u00e9s poursuivies par ces derniers ainsi que des moyens d\u2019actions \u00e0 la disposition des individus afin qu\u2019ils puissent [&hellip;]","og_url":"https:\/\/www.jpboisson.com\/shop\/mentions-legales\/","og_site_name":"Jean-pierre Boisson - Domaine du P\u00e8re Caboche","article_modified_time":"2020-08-03T11:38:34+00:00","twitter_card":"summary_large_image","twitter_misc":{"Dur\u00e9e de lecture estim\u00e9e":"12 minutes"},"schema":{"@context":"https:\/\/schema.org","@graph":[{"@type":"WebPage","@id":"https:\/\/www.jpboisson.com\/shop\/mentions-legales\/","url":"https:\/\/www.jpboisson.com\/shop\/mentions-legales\/","name":"Mentions l\u00e9gales - Jean-pierre Boisson - Domaine du P\u00e8re Caboche","isPartOf":{"@id":"https:\/\/www.jpboisson.com\/shop\/#website"},"datePublished":"2020-08-03T11:38:33+00:00","dateModified":"2020-08-03T11:38:34+00:00","breadcrumb":{"@id":"https:\/\/www.jpboisson.com\/shop\/mentions-legales\/#breadcrumb"},"inLanguage":"fr-FR","potentialAction":[{"@type":"ReadAction","target":["https:\/\/www.jpboisson.com\/shop\/mentions-legales\/"]}]},{"@type":"BreadcrumbList","@id":"https:\/\/www.jpboisson.com\/shop\/mentions-legales\/#breadcrumb","itemListElement":[{"@type":"ListItem","position":1,"name":"Accueil","item":"https:\/\/www.jpboisson.com\/shop\/"},{"@type":"ListItem","position":2,"name":"Mentions l\u00e9gales"}]},{"@type":"WebSite","@id":"https:\/\/www.jpboisson.com\/shop\/#website","url":"https:\/\/www.jpboisson.com\/shop\/","name":"Jean-pierre Boisson - Domaine du P\u00e8re Caboche","description":"Boutique en ligne du domaine","potentialAction":[{"@type":"SearchAction","target":{"@type":"EntryPoint","urlTemplate":"https:\/\/www.jpboisson.com\/shop\/?s={search_term_string}"},"query-input":{"@type":"PropertyValueSpecification","valueRequired":true,"valueName":"search_term_string"}}],"inLanguage":"fr-FR"}]}},"_links":{"self":[{"href":"https:\/\/www.jpboisson.com\/shop\/wp-json\/wp\/v2\/pages\/59","targetHints":{"allow":["GET"]}}],"collection":[{"href":"https:\/\/www.jpboisson.com\/shop\/wp-json\/wp\/v2\/pages"}],"about":[{"href":"https:\/\/www.jpboisson.com\/shop\/wp-json\/wp\/v2\/types\/page"}],"author":[{"embeddable":true,"href":"https:\/\/www.jpboisson.com\/shop\/wp-json\/wp\/v2\/users\/1"}],"replies":[{"embeddable":true,"href":"https:\/\/www.jpboisson.com\/shop\/wp-json\/wp\/v2\/comments?post=59"}],"version-history":[{"count":1,"href":"https:\/\/www.jpboisson.com\/shop\/wp-json\/wp\/v2\/pages\/59\/revisions"}],"predecessor-version":[{"id":60,"href":"https:\/\/www.jpboisson.com\/shop\/wp-json\/wp\/v2\/pages\/59\/revisions\/60"}],"wp:attachment":[{"href":"https:\/\/www.jpboisson.com\/shop\/wp-json\/wp\/v2\/media?parent=59"}],"curies":[{"name":"wp","href":"https:\/\/api.w.org\/{rel}","templated":true}]}}